{"id":77,"date":"2025-03-07T13:15:45","date_gmt":"2025-03-07T13:15:45","guid":{"rendered":"https:\/\/drweca.pl\/?page_id=77"},"modified":"2025-03-10T11:58:16","modified_gmt":"2025-03-10T11:58:16","slug":"my-drweca-pl","status":"publish","type":"page","link":"https:\/\/drweca.pl\/index.php\/my-drweca-pl\/","title":{"rendered":"My Drw\u0119ca.pl"},"content":{"rendered":"\n<div class=\"wp-block-group alignfull has-accent-5-background-color has-background has-global-padding is-layout-constrained wp-container-core-group-is-layout-1 wp-block-group-is-layout-constrained\" style=\"margin-top:0;margin-bottom:0;padding-top:var(--wp--preset--spacing--50);padding-right:var(--wp--preset--spacing--50);padding-bottom:var(--wp--preset--spacing--50);padding-left:var(--wp--preset--spacing--50)\">\n<div class=\"wp-block-columns alignwide is-layout-flex wp-container-core-columns-is-layout-1 wp-block-columns-is-layout-flex\">\n<div class=\"wp-block-column is-vertically-aligned-center is-layout-flow wp-block-column-is-layout-flow\" style=\"flex-basis:60%\">\n<figure class=\"wp-block-image size-full is-style-rounded wp-duotone-unset-2 is-style-rounded--1\"><img loading=\"lazy\" decoding=\"async\" width=\"1200\" height=\"900\" src=\"https:\/\/drweca.pl\/wp-content\/uploads\/2025\/03\/splyw-integracja.jpg\" alt=\"\" class=\"wp-image-103\" style=\"aspect-ratio:4\/3;object-fit:cover\" srcset=\"https:\/\/drweca.pl\/wp-content\/uploads\/2025\/03\/splyw-integracja.jpg 1200w, https:\/\/drweca.pl\/wp-content\/uploads\/2025\/03\/splyw-integracja-300x225.jpg 300w, https:\/\/drweca.pl\/wp-content\/uploads\/2025\/03\/splyw-integracja-1024x768.jpg 1024w, https:\/\/drweca.pl\/wp-content\/uploads\/2025\/03\/splyw-integracja-768x576.jpg 768w\" sizes=\"auto, (max-width: 1200px) 100vw, 1200px\" \/><figcaption class=\"wp-element-caption\">dav<\/figcaption><\/figure>\n<\/div>\n\n\n\n<div class=\"wp-block-column is-layout-flow wp-block-column-is-layout-flow\" style=\"flex-basis:40%\">\n<h2 class=\"wp-block-heading\">Imprezy Integracyjne<\/h2>\n\n\n\n<p>Zapraszamy wszystkie firmy ma\u0142e, \u015brednie i du\u017ce na organizowane przez nas imprezy integracyjne. Proponujemy imprezy od wiosny do jesieni zwi\u0105zane z kajakami jako motywem przewodnim lub imprezy z kajakiem w &#8222;tle\u201d.<\/p>\n\n\n\n<div class=\"wp-block-buttons is-layout-flex wp-block-buttons-is-layout-flex\">\n<div class=\"wp-block-button\"><a class=\"wp-block-button__link wp-element-button\" href=\"mailto:bakikajaki@gmail.com\" target=\"_blank\" rel=\"noreferrer noopener\">Napisz do nas <\/a><\/div>\n<\/div>\n<\/div>\n<\/div>\n<\/div>\n\n\n\n<div class=\"wp-block-group alignfull has-accent-5-background-color has-background has-global-padding is-layout-constrained wp-container-core-group-is-layout-2 wp-block-group-is-layout-constrained\" style=\"margin-top:0;margin-bottom:0;padding-top:var(--wp--preset--spacing--50);padding-right:var(--wp--preset--spacing--50);padding-bottom:var(--wp--preset--spacing--50);padding-left:var(--wp--preset--spacing--50)\">\n<div class=\"wp-block-columns alignwide is-layout-flex wp-container-core-columns-is-layout-2 wp-block-columns-is-layout-flex\">\n<div class=\"wp-block-column is-vertically-aligned-center is-layout-flow wp-block-column-is-layout-flow\" style=\"flex-basis:60%\">\n<figure class=\"wp-block-image size-full is-style-rounded wp-duotone-unset-4 is-style-rounded--3\"><img loading=\"lazy\" decoding=\"async\" width=\"1200\" height=\"900\" src=\"https:\/\/drweca.pl\/wp-content\/uploads\/2025\/03\/rodzina-splyw-kajakowy.jpg\" alt=\"\" class=\"wp-image-88\" style=\"aspect-ratio:4\/3;object-fit:cover\" srcset=\"https:\/\/drweca.pl\/wp-content\/uploads\/2025\/03\/rodzina-splyw-kajakowy.jpg 1200w, https:\/\/drweca.pl\/wp-content\/uploads\/2025\/03\/rodzina-splyw-kajakowy-300x225.jpg 300w, https:\/\/drweca.pl\/wp-content\/uploads\/2025\/03\/rodzina-splyw-kajakowy-1024x768.jpg 1024w, https:\/\/drweca.pl\/wp-content\/uploads\/2025\/03\/rodzina-splyw-kajakowy-768x576.jpg 768w\" sizes=\"auto, (max-width: 1200px) 100vw, 1200px\" \/><\/figure>\n<\/div>\n\n\n\n<div class=\"wp-block-column is-layout-flow wp-block-column-is-layout-flow\" style=\"flex-basis:40%\">\n<h2 class=\"wp-block-heading\">Sp\u0142ywy indywidulane<\/h2>\n\n\n\n<p>Chcesz prze\u017cy\u0107 niezapomnian\u0105 przygod\u0119 na wodzie? Sp\u0142ywy kajakowe Drw\u0119c\u0105 to doskona\u0142y spos\u00f3b na relaks i aktywny wypoczynek dla ca\u0142ej rodziny! Wybierz tras\u0119 dopasowan\u0105 do swoich mo\u017cliwo\u015bci i ciesz si\u0119 pi\u0119knem  przyrody.<\/p>\n\n\n\n<div class=\"wp-block-buttons is-layout-flex wp-block-buttons-is-layout-flex\">\n<div class=\"wp-block-button\"><a class=\"wp-block-button__link wp-element-button\" href=\"mailto:bakikajaki@gmail.com\" target=\"_blank\" rel=\"noreferrer noopener\">Napisz do nas <\/a><\/div>\n<\/div>\n<\/div>\n<\/div>\n<\/div>\n\n\n\n<div class=\"wp-block-group alignfull has-global-padding is-layout-constrained wp-container-core-group-is-layout-8 wp-block-group-is-layout-constrained\" style=\"margin-top:0;margin-bottom:0;padding-top:var(--wp--preset--spacing--50);padding-right:var(--wp--preset--spacing--50);padding-bottom:var(--wp--preset--spacing--50);padding-left:var(--wp--preset--spacing--50)\">\n<div class=\"wp-block-group is-vertical is-content-justification-center is-layout-flex wp-container-core-group-is-layout-3 wp-block-group-is-layout-flex\">\n<h2 class=\"wp-block-heading has-text-align-center has-xx-large-font-size\">Nasz zesp\u00f3\u0142 Drw\u0119ca.pl<\/h2>\n\n\n\n<p class=\"has-text-align-center\">Od lat staramy si\u0119 nasze sp\u0142yw zawsze by\u0142y na najwy\u017cszym poziomie<\/p>\n<\/div>\n\n\n\n<div style=\"height:var(--wp--preset--spacing--30)\" aria-hidden=\"true\" class=\"wp-block-spacer\"><\/div>\n\n\n\n<div class=\"wp-block-columns alignwide is-layout-flex wp-container-core-columns-is-layout-3 wp-block-columns-is-layout-flex\" style=\"padding-right:0;padding-left:0\">\n<div class=\"wp-block-column is-layout-flow wp-block-column-is-layout-flow\">\n\n\n<div class=\"wp-block-group is-vertical is-content-justification-center is-nowrap is-layout-flex wp-container-core-group-is-layout-4 wp-block-group-is-layout-flex\">\n<p class=\"has-text-align-center has-small-font-size\"><strong>Mariusz Panek<\/strong><\/p>\n\n\n\n<p class=\"has-text-align-center has-small-font-size\">Kajaki, marketing <\/p>\n<\/div>\n<\/div>\n\n\n\n<div class=\"wp-block-column is-layout-flow wp-block-column-is-layout-flow\">\n\n\n<div class=\"wp-block-group is-vertical is-content-justification-center is-nowrap is-layout-flex wp-container-core-group-is-layout-5 wp-block-group-is-layout-flex\">\n<p class=\"has-text-align-center has-small-font-size\"><strong>Tomasz Plitnik<\/strong><\/p>\n\n\n\n<p class=\"has-text-align-center has-small-font-size\">Kajaki, logistyka <\/p>\n<\/div>\n<\/div>\n\n\n\n<div class=\"wp-block-column is-layout-flow wp-block-column-is-layout-flow\">\n\n\n<div class=\"wp-block-group is-vertical is-content-justification-center is-nowrap is-layout-flex wp-container-core-group-is-layout-6 wp-block-group-is-layout-flex\">\n<p class=\"has-text-align-center has-small-font-size\"><strong>Janusz&nbsp;Ja\u017cd\u017cewski<\/strong><\/p>\n\n\n\n<p class=\"has-text-align-center has-small-font-size\">Logistyka<\/p>\n<\/div>\n<\/div>\n\n\n\n<div class=\"wp-block-column is-layout-flow wp-block-column-is-layout-flow\">\n\n\n<div class=\"wp-block-group is-vertical is-content-justification-center is-nowrap is-layout-flex wp-container-core-group-is-layout-7 wp-block-group-is-layout-flex\">\n<p class=\"has-text-align-center has-small-font-size\"><strong>Waldemar Kubiczek<\/strong><\/p>\n\n\n\n<p class=\"has-text-align-center has-small-font-size\">Sprz\u0119t kajaki <\/p>\n<\/div>\n<\/div>\n<\/div>\n<\/div>\n\n\n\n<div class=\"wp-block-group alignfull has-global-padding is-layout-constrained wp-container-core-group-is-layout-11 wp-block-group-is-layout-constrained\" style=\"margin-top:0;margin-bottom:0;padding-top:var(--wp--preset--spacing--50);padding-right:var(--wp--preset--spacing--50);padding-bottom:var(--wp--preset--spacing--50);padding-left:var(--wp--preset--spacing--50)\">\n<div class=\"wp-block-group alignwide has-base-2-background-color has-background is-layout-flow wp-block-group-is-layout-flow\" style=\"border-radius:16px;padding-top:var(--wp--preset--spacing--50);padding-right:var(--wp--preset--spacing--50);padding-bottom:var(--wp--preset--spacing--50);padding-left:var(--wp--preset--spacing--50)\">\n<p class=\"has-text-align-center\">Organizowali\u015bmy sp\u0142ywy dla wielu znanych firm<\/p>\n\n\n\n<div style=\"height:var(--wp--preset--spacing--10)\" aria-hidden=\"true\" class=\"wp-block-spacer\"><\/div>\n\n\n\n<div class=\"wp-block-group alignwide is-content-justification-center is-layout-flex wp-container-core-group-is-layout-9 wp-block-group-is-layout-flex\" style=\"padding-top:0;padding-right:0;padding-bottom:0;padding-left:0\">\n<figure class=\"wp-block-image size-full is-resized\"><img loading=\"lazy\" decoding=\"async\" width=\"182\" height=\"97\" src=\"http:\/\/drweca.pl\/wp-content\/uploads\/2025\/03\/kajaki-integracja_bre.jpg\" alt=\"\" class=\"wp-image-133\" style=\"aspect-ratio:4\/3;object-fit:contain;width:150px\"\/><\/figure>\n\n\n\n<figure class=\"wp-block-image size-full is-resized\"><img loading=\"lazy\" decoding=\"async\" width=\"223\" height=\"116\" src=\"http:\/\/drweca.pl\/wp-content\/uploads\/2025\/03\/kajaki-splwy_integracja.jpg\" alt=\"\" class=\"wp-image-137\" style=\"aspect-ratio:4\/3;object-fit:contain;width:150px\"\/><\/figure>\n\n\n\n<figure class=\"wp-block-image size-full is-resized\"><img loading=\"lazy\" decoding=\"async\" width=\"117\" height=\"103\" src=\"http:\/\/drweca.pl\/wp-content\/uploads\/2025\/03\/kajaki-integracja_pvc.jpg\" alt=\"\" class=\"wp-image-131\" style=\"aspect-ratio:4\/3;object-fit:contain;width:150px\"\/><\/figure>\n\n\n\n<figure class=\"wp-block-image size-full is-resized\"><img loading=\"lazy\" decoding=\"async\" width=\"212\" height=\"97\" src=\"http:\/\/drweca.pl\/wp-content\/uploads\/2025\/03\/kajaki-splwy_woman.jpg\" alt=\"\" class=\"wp-image-135\" style=\"aspect-ratio:4\/3;object-fit:contain;width:150px\"\/><\/figure>\n\n\n\n<figure class=\"wp-block-image size-full is-resized\"><img loading=\"lazy\" decoding=\"async\" width=\"219\" height=\"108\" src=\"http:\/\/drweca.pl\/wp-content\/uploads\/2025\/03\/kajaki-splwy_bankier.jpg\" alt=\"\" class=\"wp-image-136\" style=\"aspect-ratio:4\/3;object-fit:contain;width:150px\"\/><\/figure>\n<\/div>\n<\/div>\n<\/div>\n","protected":false},"excerpt":{"rendered":"<p>Imprezy Integracyjne Zapraszamy wszystkie firmy ma\u0142e, \u015brednie i du\u017ce na organizowane przez nas imprezy integracyjne. Proponujemy imprezy od wiosny do jesieni zwi\u0105zane z kajakami jako motywem przewodnim lub imprezy z kajakiem w &#8222;tle\u201d. Sp\u0142ywy indywidulane Chcesz prze\u017cy\u0107 niezapomnian\u0105 przygod\u0119 na wodzie? Sp\u0142ywy kajakowe Drw\u0119c\u0105 to doskona\u0142y spos\u00f3b na relaks i aktywny wypoczynek dla ca\u0142ej rodziny! [&hellip;]<\/p>\n","protected":false},"author":1,"featured_media":0,"parent":0,"menu_order":0,"comment_status":"closed","ping_status":"closed","template":"","meta":{"footnotes":""},"class_list":["post-77","page","type-page","status-publish","hentry"],"aioseo_notices":[],"_links":{"self":[{"href":"https:\/\/drweca.pl\/index.php\/wp-json\/wp\/v2\/pages\/77","targetHints":{"allow":["GET"]}}],"collection":[{"href":"https:\/\/drweca.pl\/index.php\/wp-json\/wp\/v2\/pages"}],"about":[{"href":"https:\/\/drweca.pl\/index.php\/wp-json\/wp\/v2\/types\/page"}],"author":[{"embeddable":true,"href":"https:\/\/drweca.pl\/index.php\/wp-json\/wp\/v2\/users\/1"}],"replies":[{"embeddable":true,"href":"https:\/\/drweca.pl\/index.php\/wp-json\/wp\/v2\/comments?post=77"}],"version-history":[{"count":17,"href":"https:\/\/drweca.pl\/index.php\/wp-json\/wp\/v2\/pages\/77\/revisions"}],"predecessor-version":[{"id":141,"href":"https:\/\/drweca.pl\/index.php\/wp-json\/wp\/v2\/pages\/77\/revisions\/141"}],"wp:attachment":[{"href":"https:\/\/drweca.pl\/index.php\/wp-json\/wp\/v2\/media?parent=77"}],"curies":[{"name":"wp","href":"https:\/\/api.w.org\/{rel}","templated":true}]}}