{"id":115,"date":"2025-03-07T15:21:55","date_gmt":"2025-03-07T15:21:55","guid":{"rendered":"https:\/\/drweca.pl\/?page_id=115"},"modified":"2025-03-10T12:19:46","modified_gmt":"2025-03-10T12:19:46","slug":"kajaki-promocja","status":"publish","type":"page","link":"https:\/\/drweca.pl\/index.php\/kajaki-promocja\/","title":{"rendered":"Kajaki &#8211; promocja"},"content":{"rendered":"\n<div class=\"wp-block-group alignfull has-global-padding is-layout-constrained wp-container-core-group-is-layout-1 wp-block-group-is-layout-constrained\" style=\"margin-top:0;margin-bottom:0;padding-top:var(--wp--preset--spacing--50);padding-right:var(--wp--preset--spacing--50);padding-bottom:var(--wp--preset--spacing--50);padding-left:var(--wp--preset--spacing--50)\">\n<div class=\"wp-block-columns alignwide are-vertically-aligned-center is-layout-flex wp-container-core-columns-is-layout-1 wp-block-columns-is-layout-flex\">\n<div class=\"wp-block-column is-vertically-aligned-center is-layout-flow wp-block-column-is-layout-flow\" style=\"flex-basis:50%\">\n<h2 class=\"wp-block-heading\">Najlepsze kajaki<\/h2>\n\n\n\n<p class=\"has-small-font-size\" style=\"line-height:1.6\">Kajaki polietylenowe Finder, Family i Rapid<\/p>\n\n\n\n<p class=\"has-small-font-size\" style=\"line-height:1.6\">Jako producent kajak\u00f3w polietylenowych dla naszych klient\u00f3w oferujemy dodatkowe rabaty na kajaki naszej produkcji &#8211; na has\u0142o  drweca.pl &#8211; 5% rabatu<\/p>\n\n\n\n<p>Nasze kajaki :<\/p>\n\n\n\n<ul style=\"line-height:1.75\" class=\"wp-block-list is-style-checkmark-list\">\n<li><strong>trwa\u0142e i bezpieczne \u2013 odporne na uderzenia i intensywn\u0105 eksploatacj\u0119<\/strong><\/li>\n\n\n\n<li><strong>zaprojektowane z my\u015bl\u0105 o komforcie i ergonomii<\/strong><\/li>\n\n\n\n<li><strong>Kompleksowe dodatkowe wyposa\u017cenie<\/strong><\/li>\n<\/ul>\n\n\n\n<div class=\"wp-block-buttons is-layout-flex wp-block-buttons-is-layout-flex\">\n<div class=\"wp-block-button\"><a class=\"wp-block-button__link wp-element-button\">zadzwo\u0144 601 945 219<\/a><\/div>\n\n\n\n<div class=\"wp-block-button is-style-outline is-style-outline--1\"><a class=\"wp-block-button__link wp-element-button\" href=\"https:\/\/www.superkajaki.pl\/strona-glowna\" target=\"_blank\" rel=\"noreferrer noopener\">zobacz wi\u0119cej<\/a><\/div>\n<\/div>\n<\/div>\n\n\n\n<div class=\"wp-block-column is-vertically-aligned-center is-layout-flow wp-block-column-is-layout-flow\" style=\"flex-basis:50%\">\n<figure class=\"wp-block-image size-full is-style-rounded is-style-rounded--2\"><img loading=\"lazy\" decoding=\"async\" width=\"1464\" height=\"769\" src=\"https:\/\/drweca.pl\/wp-content\/uploads\/2025\/03\/superkajaki_pl-1.jpg\" alt=\"\" class=\"wp-image-118\" style=\"aspect-ratio:4\/3;object-fit:cover\" srcset=\"https:\/\/drweca.pl\/wp-content\/uploads\/2025\/03\/superkajaki_pl-1.jpg 1464w, https:\/\/drweca.pl\/wp-content\/uploads\/2025\/03\/superkajaki_pl-1-300x158.jpg 300w, https:\/\/drweca.pl\/wp-content\/uploads\/2025\/03\/superkajaki_pl-1-1024x538.jpg 1024w, https:\/\/drweca.pl\/wp-content\/uploads\/2025\/03\/superkajaki_pl-1-768x403.jpg 768w\" sizes=\"auto, (max-width: 1464px) 100vw, 1464px\" \/><\/figure>\n<\/div>\n<\/div>\n<\/div>\n","protected":false},"excerpt":{"rendered":"<p>Najlepsze kajaki Kajaki polietylenowe Finder, Family i Rapid Jako producent kajak\u00f3w polietylenowych dla naszych klient\u00f3w oferujemy dodatkowe rabaty na kajaki naszej produkcji &#8211; na has\u0142o drweca.pl &#8211; 5% rabatu Nasze kajaki :<\/p>\n","protected":false},"author":1,"featured_media":0,"parent":0,"menu_order":0,"comment_status":"closed","ping_status":"closed","template":"","meta":{"footnotes":""},"class_list":["post-115","page","type-page","status-publish","hentry"],"aioseo_notices":[],"_links":{"self":[{"href":"https:\/\/drweca.pl\/index.php\/wp-json\/wp\/v2\/pages\/115","targetHints":{"allow":["GET"]}}],"collection":[{"href":"https:\/\/drweca.pl\/index.php\/wp-json\/wp\/v2\/pages"}],"about":[{"href":"https:\/\/drweca.pl\/index.php\/wp-json\/wp\/v2\/types\/page"}],"author":[{"embeddable":true,"href":"https:\/\/drweca.pl\/index.php\/wp-json\/wp\/v2\/users\/1"}],"replies":[{"embeddable":true,"href":"https:\/\/drweca.pl\/index.php\/wp-json\/wp\/v2\/comments?post=115"}],"version-history":[{"count":9,"href":"https:\/\/drweca.pl\/index.php\/wp-json\/wp\/v2\/pages\/115\/revisions"}],"predecessor-version":[{"id":148,"href":"https:\/\/drweca.pl\/index.php\/wp-json\/wp\/v2\/pages\/115\/revisions\/148"}],"wp:attachment":[{"href":"https:\/\/drweca.pl\/index.php\/wp-json\/wp\/v2\/media?parent=115"}],"curies":[{"name":"wp","href":"https:\/\/api.w.org\/{rel}","templated":true}]}}